{"id":146,"date":"2021-02-26T10:31:12","date_gmt":"2021-02-26T13:31:12","guid":{"rendered":"https:\/\/fabexfaculdade.com.br\/academy\/?product=especializacao-em-saude-publica"},"modified":"2024-01-04T10:56:00","modified_gmt":"2024-01-04T13:56:00","slug":"especializacao-em-saude-publica","status":"publish","type":"product","link":"https:\/\/cbpex.com.br\/academy\/produto\/especializacao-em-saude-publica\/","title":{"rendered":"P\u00f3s &#8211; Sa\u00fade P\u00fablica"},"content":{"rendered":"","protected":false},"excerpt":{"rendered":"<h3>Estado, Sociedade e Pol\u00edticas de Sa\u00fade.<br \/>\n\u00c9tica e Bio\u00e9tica na Sa\u00fade<br \/>\nEpidemiologia.<br \/>\nVigil\u00e2ncia em Sa\u00fade<br \/>\nFarmacologia e Sa\u00fade P\u00fablica.<br \/>\nPsicologia das Rela\u00e7\u00f5es Humanas.<br \/>\nMetodologia do Trabalho Cient\u00edfico I.<br \/>\nAdministra\u00e7\u00e3o dos Servi\u00e7os e Recursos de Sa\u00fade.<br \/>\nPrograma de Sa\u00fade da Fam\u00edlia.<br \/>\nNutri\u00e7\u00e3o Humana e Sa\u00fade P\u00fablica<br \/>\nBioestatistica Aplicada a Sa\u00fade P\u00fablica<br \/>\nMetodologia do Trabalho Cient\u00edfico II.<br \/>\nTrabalho de Conclus\u00e3o de Curso &#8211; TCC<\/h3>\n","protected":false},"featured_media":788,"template":"","meta":[],"product_cat":[54,20],"product_tag":[],"class_list":{"0":"post-146","1":"product","2":"type-product","3":"status-publish","4":"has-post-thumbnail","6":"product_cat-pos_promo","7":"product_cat-pos-graduacao-especializacao","9":"first","10":"instock","11":"downloadable","12":"virtual","13":"sold-individually","14":"taxable","15":"purchasable","16":"product-type-simple"},"_links":{"self":[{"href":"https:\/\/cbpex.com.br\/academy\/wp-json\/wp\/v2\/product\/146","targetHints":{"allow":["GET"]}}],"collection":[{"href":"https:\/\/cbpex.com.br\/academy\/wp-json\/wp\/v2\/product"}],"about":[{"href":"https:\/\/cbpex.com.br\/academy\/wp-json\/wp\/v2\/types\/product"}],"version-history":[{"count":4,"href":"https:\/\/cbpex.com.br\/academy\/wp-json\/wp\/v2\/product\/146\/revisions"}],"predecessor-version":[{"id":3500,"href":"https:\/\/cbpex.com.br\/academy\/wp-json\/wp\/v2\/product\/146\/revisions\/3500"}],"wp:featuredmedia":[{"embeddable":true,"href":"https:\/\/cbpex.com.br\/academy\/wp-json\/wp\/v2\/media\/788"}],"wp:attachment":[{"href":"https:\/\/cbpex.com.br\/academy\/wp-json\/wp\/v2\/media?parent=146"}],"wp:term":[{"taxonomy":"product_cat","embeddable":true,"href":"https:\/\/cbpex.com.br\/academy\/wp-json\/wp\/v2\/product_cat?post=146"},{"taxonomy":"product_tag","embeddable":true,"href":"https:\/\/cbpex.com.br\/academy\/wp-json\/wp\/v2\/product_tag?post=146"}],"curies":[{"name":"wp","href":"https:\/\/api.w.org\/{rel}","templated":true}]}}