{"id":1523,"date":"2021-04-22T16:10:48","date_gmt":"2021-04-22T19:10:48","guid":{"rendered":"https:\/\/cbpex.com.br\/academy\/produto\/cfpc01-ciencias-forenses-e-pericia-criminal\/"},"modified":"2024-01-04T10:53:34","modified_gmt":"2024-01-04T13:53:34","slug":"cfpc01-ciencias-forenses-e-pericia-criminal","status":"publish","type":"product","link":"https:\/\/cbpex.com.br\/academy\/produto\/cfpc01-ciencias-forenses-e-pericia-criminal\/","title":{"rendered":"P\u00f3s &#8211; Ci\u00eancias Forenses e Per\u00edcia Criminal"},"content":{"rendered":"","protected":false},"excerpt":{"rendered":"<p>Pericial Criminal: Aspectos Hist\u00f3ricos e Fundamentos Jur\u00eddicos<br \/>\nFundamentos Cient\u00edficos da Criminal\u00edstica<br \/>\nBal\u00edstica Forense<br \/>\nPer\u00edcia Grafot\u00e9cnica<br \/>\nMetodologia do Trabalho Cient\u00edfico I<br \/>\nFundamentos da Antropologia Forense<br \/>\nPer\u00edcia Papilosc\u00f3pica<br \/>\nConfec\u00e7\u00e3o de Laudos e Pareceres Periciais<br \/>\nCrimes na Inform\u00e1tica e Per\u00edcia Computacional<br \/>\nPer\u00edcias Ambientais<br \/>\nMetodologia do Trabalho Cient\u00edfico II<\/p>\n","protected":false},"featured_media":1691,"template":"","meta":[],"product_cat":[54,20],"product_tag":[],"class_list":{"0":"post-1523","1":"product","2":"type-product","3":"status-publish","4":"has-post-thumbnail","6":"product_cat-pos_promo","7":"product_cat-pos-graduacao-especializacao","9":"first","10":"instock","11":"downloadable","12":"virtual","13":"sold-individually","14":"taxable","15":"purchasable","16":"product-type-simple"},"_links":{"self":[{"href":"https:\/\/cbpex.com.br\/academy\/wp-json\/wp\/v2\/product\/1523","targetHints":{"allow":["GET"]}}],"collection":[{"href":"https:\/\/cbpex.com.br\/academy\/wp-json\/wp\/v2\/product"}],"about":[{"href":"https:\/\/cbpex.com.br\/academy\/wp-json\/wp\/v2\/types\/product"}],"version-history":[{"count":5,"href":"https:\/\/cbpex.com.br\/academy\/wp-json\/wp\/v2\/product\/1523\/revisions"}],"predecessor-version":[{"id":3539,"href":"https:\/\/cbpex.com.br\/academy\/wp-json\/wp\/v2\/product\/1523\/revisions\/3539"}],"wp:featuredmedia":[{"embeddable":true,"href":"https:\/\/cbpex.com.br\/academy\/wp-json\/wp\/v2\/media\/1691"}],"wp:attachment":[{"href":"https:\/\/cbpex.com.br\/academy\/wp-json\/wp\/v2\/media?parent=1523"}],"wp:term":[{"taxonomy":"product_cat","embeddable":true,"href":"https:\/\/cbpex.com.br\/academy\/wp-json\/wp\/v2\/product_cat?post=1523"},{"taxonomy":"product_tag","embeddable":true,"href":"https:\/\/cbpex.com.br\/academy\/wp-json\/wp\/v2\/product_tag?post=1523"}],"curies":[{"name":"wp","href":"https:\/\/api.w.org\/{rel}","templated":true}]}}