{"id":1528,"date":"2021-04-22T16:10:48","date_gmt":"2021-04-22T19:10:48","guid":{"rendered":"https:\/\/cbpex.com.br\/academy\/produto\/especializacao-em-auditoria-em-servicos-de-saude-intensivo\/"},"modified":"2026-04-22T18:08:59","modified_gmt":"2026-04-22T21:08:59","slug":"especializacao-em-auditoria-em-servicos-de-saude-intensivo","status":"publish","type":"product","link":"https:\/\/cbpex.com.br\/academy\/produto\/especializacao-em-auditoria-em-servicos-de-saude-intensivo\/","title":{"rendered":"Especializa\u00e7\u00e3o em Auditoria em Servi\u00e7os de Sa\u00fade  (Intensivo)"},"content":{"rendered":"","protected":false},"excerpt":{"rendered":"","protected":false},"featured_media":0,"template":"","meta":[],"product_cat":[20],"product_tag":[],"class_list":{"0":"post-1528","1":"product","2":"type-product","3":"status-publish","5":"product_cat-pos-graduacao-especializacao","7":"first","8":"instock","9":"downloadable","10":"virtual","11":"taxable","12":"purchasable","13":"product-type-simple"},"_links":{"self":[{"href":"https:\/\/cbpex.com.br\/academy\/wp-json\/wp\/v2\/product\/1528","targetHints":{"allow":["GET"]}}],"collection":[{"href":"https:\/\/cbpex.com.br\/academy\/wp-json\/wp\/v2\/product"}],"about":[{"href":"https:\/\/cbpex.com.br\/academy\/wp-json\/wp\/v2\/types\/product"}],"version-history":[{"count":1,"href":"https:\/\/cbpex.com.br\/academy\/wp-json\/wp\/v2\/product\/1528\/revisions"}],"predecessor-version":[{"id":3544,"href":"https:\/\/cbpex.com.br\/academy\/wp-json\/wp\/v2\/product\/1528\/revisions\/3544"}],"wp:attachment":[{"href":"https:\/\/cbpex.com.br\/academy\/wp-json\/wp\/v2\/media?parent=1528"}],"wp:term":[{"taxonomy":"product_cat","embeddable":true,"href":"https:\/\/cbpex.com.br\/academy\/wp-json\/wp\/v2\/product_cat?post=1528"},{"taxonomy":"product_tag","embeddable":true,"href":"https:\/\/cbpex.com.br\/academy\/wp-json\/wp\/v2\/product_tag?post=1528"}],"curies":[{"name":"wp","href":"https:\/\/api.w.org\/{rel}","templated":true}]}}