{"id":156,"date":"2021-02-26T10:31:12","date_gmt":"2021-02-26T13:31:12","guid":{"rendered":"https:\/\/fabexfaculdade.com.br\/academy\/?product=especializacao-em-gestao-empresarial-e-de-recursos-humanos"},"modified":"2024-01-04T10:57:18","modified_gmt":"2024-01-04T13:57:18","slug":"especializacao-em-gestao-empresarial-e-de-recursos-humanos","status":"publish","type":"product","link":"https:\/\/cbpex.com.br\/academy\/produto\/especializacao-em-gestao-empresarial-e-de-recursos-humanos\/","title":{"rendered":"P\u00f3s &#8211; Gest\u00e3o Empresarial e de Recursos Humanos"},"content":{"rendered":"","protected":false},"excerpt":{"rendered":"<h3>Gest\u00e3o de Recursos Humanos: fundamentos e princ\u00edpios<br \/>\nPsicologia das Rela\u00e7\u00f5es Humanas e Gest\u00e3o de Pessoas<br \/>\nSele\u00e7\u00e3o e Capacita\u00e7\u00e3o de Pessoas<br \/>\nLideran\u00e7a e Motiva\u00e7\u00e3o das Pessoas<br \/>\nMetodologia do Trabalho Cient\u00edfico I<br \/>\nGest\u00e3o Integrada em Qualidade, Sa\u00fade, Seguran\u00e7a e Meio Ambiente<br \/>\nGest\u00e3o de Conhecimento<br \/>\nPsicologia do Trabalho e Motiva\u00e7\u00e3o do Trabalhador<br \/>\nGest\u00e3o de Recursos Humanos e Planejamento Estrat\u00e9gico<br \/>\nMetodologia do Ensino Superior<br \/>\nGest\u00e3o de Mudan\u00e7a nas Organiza\u00e7\u00f5es<br \/>\nGest\u00e3o de Recursos Humanos e Legisla\u00e7\u00e3o: fundamentos do Direito<br \/>\nMetodologia do Trabalho Cient\u00edfico II<br \/>\nTrabalho de Conclus\u00e3o de Curso &#8211; TCC<\/h3>\n","protected":false},"featured_media":778,"template":"","meta":[],"product_cat":[54,20],"product_tag":[],"class_list":{"0":"post-156","1":"product","2":"type-product","3":"status-publish","4":"has-post-thumbnail","6":"product_cat-pos_promo","7":"product_cat-pos-graduacao-especializacao","9":"first","10":"instock","11":"downloadable","12":"virtual","13":"sold-individually","14":"taxable","15":"purchasable","16":"product-type-simple"},"_links":{"self":[{"href":"https:\/\/cbpex.com.br\/academy\/wp-json\/wp\/v2\/product\/156","targetHints":{"allow":["GET"]}}],"collection":[{"href":"https:\/\/cbpex.com.br\/academy\/wp-json\/wp\/v2\/product"}],"about":[{"href":"https:\/\/cbpex.com.br\/academy\/wp-json\/wp\/v2\/types\/product"}],"version-history":[{"count":4,"href":"https:\/\/cbpex.com.br\/academy\/wp-json\/wp\/v2\/product\/156\/revisions"}],"predecessor-version":[{"id":3506,"href":"https:\/\/cbpex.com.br\/academy\/wp-json\/wp\/v2\/product\/156\/revisions\/3506"}],"wp:featuredmedia":[{"embeddable":true,"href":"https:\/\/cbpex.com.br\/academy\/wp-json\/wp\/v2\/media\/778"}],"wp:attachment":[{"href":"https:\/\/cbpex.com.br\/academy\/wp-json\/wp\/v2\/media?parent=156"}],"wp:term":[{"taxonomy":"product_cat","embeddable":true,"href":"https:\/\/cbpex.com.br\/academy\/wp-json\/wp\/v2\/product_cat?post=156"},{"taxonomy":"product_tag","embeddable":true,"href":"https:\/\/cbpex.com.br\/academy\/wp-json\/wp\/v2\/product_tag?post=156"}],"curies":[{"name":"wp","href":"https:\/\/api.w.org\/{rel}","templated":true}]}}