{"id":249,"date":"2021-02-26T10:31:19","date_gmt":"2021-02-26T13:31:19","guid":{"rendered":"https:\/\/fabexfaculdade.com.br\/academy\/?product=especializacao-em-biologia-educacional-e-gestao-ambiental"},"modified":"2024-01-04T10:52:26","modified_gmt":"2024-01-04T13:52:26","slug":"especializacao-em-biologia-educacional-e-gestao-ambiental","status":"publish","type":"product","link":"https:\/\/cbpex.com.br\/academy\/produto\/especializacao-em-biologia-educacional-e-gestao-ambiental\/","title":{"rendered":"P\u00f3s &#8211; Biologia Educacional e Gest\u00e3o Ambiental"},"content":{"rendered":"","protected":false},"excerpt":{"rendered":"<h3>Gest\u00e3o Ambiental: Hist\u00f3rico e Fundamentos<br \/>\nBiologia Educacional Ambiental: Hist\u00f3rico e Fundamentos<br \/>\nGest\u00e3o e Educa\u00e7\u00e3o Ambiental nas Empresas P\u00fablicas ou Privadas<br \/>\nDesenvolvimento Sustent\u00e1vel e Meio Ambiente<br \/>\nFundamentos do Direito Ambiental<br \/>\nMetodologia do Trabalho Cient\u00edfico I<br \/>\nGest\u00e3o da utiliza\u00e7\u00e3o do Solo Rural e Manejo Ecol\u00f3gico<br \/>\nGest\u00e3o Ambiental e Utiliza\u00e7\u00e3o do Solo urbano<br \/>\nSa\u00fade P\u00fablica, Biologia Educacional Meio Ambiente<br \/>\nEduca\u00e7\u00e3o Ambiental, Patrim\u00f4nio Hist\u00f3rico e Ecoturismo<br \/>\nElabora\u00e7\u00e3o de Projetos em Educa\u00e7\u00e3o Ambiental<br \/>\nMetodologia do Ensino Superior<br \/>\nMetodologia do Trabalho Cient\u00edfico II<br \/>\nTrabalho de Conclus\u00e3o de Curso &#8211; TCC<\/h3>\n","protected":false},"featured_media":797,"template":"","meta":[],"product_cat":[54,20],"product_tag":[],"class_list":{"0":"post-249","1":"product","2":"type-product","3":"status-publish","4":"has-post-thumbnail","6":"product_cat-pos_promo","7":"product_cat-pos-graduacao-especializacao","9":"first","10":"instock","11":"downloadable","12":"virtual","13":"sold-individually","14":"taxable","15":"purchasable","16":"product-type-simple"},"_links":{"self":[{"href":"https:\/\/cbpex.com.br\/academy\/wp-json\/wp\/v2\/product\/249","targetHints":{"allow":["GET"]}}],"collection":[{"href":"https:\/\/cbpex.com.br\/academy\/wp-json\/wp\/v2\/product"}],"about":[{"href":"https:\/\/cbpex.com.br\/academy\/wp-json\/wp\/v2\/types\/product"}],"version-history":[{"count":4,"href":"https:\/\/cbpex.com.br\/academy\/wp-json\/wp\/v2\/product\/249\/revisions"}],"predecessor-version":[{"id":3509,"href":"https:\/\/cbpex.com.br\/academy\/wp-json\/wp\/v2\/product\/249\/revisions\/3509"}],"wp:featuredmedia":[{"embeddable":true,"href":"https:\/\/cbpex.com.br\/academy\/wp-json\/wp\/v2\/media\/797"}],"wp:attachment":[{"href":"https:\/\/cbpex.com.br\/academy\/wp-json\/wp\/v2\/media?parent=249"}],"wp:term":[{"taxonomy":"product_cat","embeddable":true,"href":"https:\/\/cbpex.com.br\/academy\/wp-json\/wp\/v2\/product_cat?post=249"},{"taxonomy":"product_tag","embeddable":true,"href":"https:\/\/cbpex.com.br\/academy\/wp-json\/wp\/v2\/product_tag?post=249"}],"curies":[{"name":"wp","href":"https:\/\/api.w.org\/{rel}","templated":true}]}}