{"id":251,"date":"2021-02-26T10:31:19","date_gmt":"2021-02-26T13:31:19","guid":{"rendered":"https:\/\/fabexfaculdade.com.br\/academy\/?product=especializacao-em-psicologia-hospitalar-e-da-saude"},"modified":"2024-01-04T10:52:45","modified_gmt":"2024-01-04T13:52:45","slug":"especializacao-em-psicologia-hospitalar-e-da-saude","status":"publish","type":"product","link":"https:\/\/cbpex.com.br\/academy\/produto\/especializacao-em-psicologia-hospitalar-e-da-saude\/","title":{"rendered":"P\u00f3s &#8211; Psicologia Hospitalar e da Sa\u00fade"},"content":{"rendered":"","protected":false},"excerpt":{"rendered":"<p>Gest\u00e3o do Stress e Estilos de Vida Saud\u00e1vel<br \/>\nFundamentos da Psicologia Hospitalar e da Sa\u00fade<br \/>\nMetodologia do Trabalho Cient\u00edfico I<br \/>\nO Cuidar Integral do Ser na Sa\u00fade<br \/>\nPsicologia do Desenvolvimento e Sa\u00fade<br \/>\nA\u00e7\u00e3o Pedag\u00f3gica e o L\u00fadico no Hospital<br \/>\nPsicologia Hospitalar e Tanatologia<br \/>\nContador de Hist\u00f3rias, Jogos e Recrea\u00e7\u00e3o: Qualidade de Vida no Hospital<br \/>\nProcessos Psicossom\u00e1ticos da Sa\u00fade e da Doen\u00e7a<br \/>\nPsicologia das rela\u00e7\u00f5es Humanas e a Interlocu\u00e7\u00e3o da Fam\u00edlia, Escola e Hospital<br \/>\n\u00c9tica do Cuidado e do V\u00ednculo<br \/>\nMetodologia do Trabalho Cient\u00edfico II<\/p>\n<p>Trabalho de Conclus\u00e3o de Curso &#8211; TCC<\/p>\n","protected":false},"featured_media":804,"template":"","meta":[],"product_cat":[54,20],"product_tag":[],"class_list":{"0":"post-251","1":"product","2":"type-product","3":"status-publish","4":"has-post-thumbnail","6":"product_cat-pos_promo","7":"product_cat-pos-graduacao-especializacao","9":"first","10":"instock","11":"downloadable","12":"virtual","13":"sold-individually","14":"taxable","15":"purchasable","16":"product-type-simple"},"_links":{"self":[{"href":"https:\/\/cbpex.com.br\/academy\/wp-json\/wp\/v2\/product\/251","targetHints":{"allow":["GET"]}}],"collection":[{"href":"https:\/\/cbpex.com.br\/academy\/wp-json\/wp\/v2\/product"}],"about":[{"href":"https:\/\/cbpex.com.br\/academy\/wp-json\/wp\/v2\/types\/product"}],"version-history":[{"count":5,"href":"https:\/\/cbpex.com.br\/academy\/wp-json\/wp\/v2\/product\/251\/revisions"}],"predecessor-version":[{"id":3510,"href":"https:\/\/cbpex.com.br\/academy\/wp-json\/wp\/v2\/product\/251\/revisions\/3510"}],"wp:featuredmedia":[{"embeddable":true,"href":"https:\/\/cbpex.com.br\/academy\/wp-json\/wp\/v2\/media\/804"}],"wp:attachment":[{"href":"https:\/\/cbpex.com.br\/academy\/wp-json\/wp\/v2\/media?parent=251"}],"wp:term":[{"taxonomy":"product_cat","embeddable":true,"href":"https:\/\/cbpex.com.br\/academy\/wp-json\/wp\/v2\/product_cat?post=251"},{"taxonomy":"product_tag","embeddable":true,"href":"https:\/\/cbpex.com.br\/academy\/wp-json\/wp\/v2\/product_tag?post=251"}],"curies":[{"name":"wp","href":"https:\/\/api.w.org\/{rel}","templated":true}]}}