{"id":4801,"date":"2023-12-30T09:05:59","date_gmt":"2023-12-30T12:05:59","guid":{"rendered":"https:\/\/cbpex.com.br\/academy\/?post_type=product&#038;p=4801"},"modified":"2024-01-04T11:05:46","modified_gmt":"2024-01-04T14:05:46","slug":"pos-enfermagem-cardiologica-e-hermodinamica2","status":"publish","type":"product","link":"https:\/\/cbpex.com.br\/academy\/produto\/pos-enfermagem-cardiologica-e-hermodinamica2\/","title":{"rendered":"P\u00f3s &#8211; Enfermagem Cardiol\u00f3gica e Hermodin\u00e2mica"},"content":{"rendered":"","protected":false},"excerpt":{"rendered":"<h3>Anatomia e fisiologia do sistema cardiovascular.<br \/>\nSistematiza\u00e7\u00e3o da Assist\u00eancia de Enfermagem aplicada \u00e0 Cardiologia<br \/>\nFarmacologia aplicada na Assist\u00eancia de Enfermagem em Cardiologia<br \/>\nUrg\u00eancias e Emerg\u00eancias Cardiovasculares<br \/>\nMetodologia do Trabalho Cient\u00edfico I<br \/>\nCardiopatias Cl\u00ednicas, Cir\u00fargicas e Cardiopediatria<br \/>\nAvalia\u00e7\u00e3o Cl\u00ednica aplicada \u00e0 Enfermagem em Cardiologia<br \/>\nGest\u00e3o de Enfermagem nas Unidades de Cardiologia e Hemodin\u00e2mica<br \/>\n\u00c9tica, Bio\u00e9tica e Humaniza\u00e7\u00e3o da Assist\u00eancia Cardiol\u00f3gica<br \/>\nAssist\u00eancia Cardiovascular em Terapia Intensiva<br \/>\nPsicologia das Rela\u00e7\u00f5es Humanas Aplicada.<br \/>\nAssist\u00eancia de Enfermagem em Hemodin\u00e2mica<br \/>\nEnfermagem e Controle de Infec\u00e7\u00e3o Hospitalar<br \/>\nMetodologia do Trabalho Cient\u00edfico II<br \/>\nTrabalho de Conclus\u00e3o de Curso &#8211; TCC<\/h3>\n","protected":false},"featured_media":807,"template":"","meta":[],"product_cat":[57],"product_tag":[],"class_list":{"0":"post-4801","1":"product","2":"type-product","3":"status-publish","4":"has-post-thumbnail","6":"product_cat-pos_promo2","8":"first","9":"instock","10":"downloadable","11":"virtual","12":"sold-individually","13":"taxable","14":"purchasable","15":"product-type-simple"},"_links":{"self":[{"href":"https:\/\/cbpex.com.br\/academy\/wp-json\/wp\/v2\/product\/4801","targetHints":{"allow":["GET"]}}],"collection":[{"href":"https:\/\/cbpex.com.br\/academy\/wp-json\/wp\/v2\/product"}],"about":[{"href":"https:\/\/cbpex.com.br\/academy\/wp-json\/wp\/v2\/types\/product"}],"version-history":[{"count":1,"href":"https:\/\/cbpex.com.br\/academy\/wp-json\/wp\/v2\/product\/4801\/revisions"}],"predecessor-version":[{"id":4802,"href":"https:\/\/cbpex.com.br\/academy\/wp-json\/wp\/v2\/product\/4801\/revisions\/4802"}],"wp:featuredmedia":[{"embeddable":true,"href":"https:\/\/cbpex.com.br\/academy\/wp-json\/wp\/v2\/media\/807"}],"wp:attachment":[{"href":"https:\/\/cbpex.com.br\/academy\/wp-json\/wp\/v2\/media?parent=4801"}],"wp:term":[{"taxonomy":"product_cat","embeddable":true,"href":"https:\/\/cbpex.com.br\/academy\/wp-json\/wp\/v2\/product_cat?post=4801"},{"taxonomy":"product_tag","embeddable":true,"href":"https:\/\/cbpex.com.br\/academy\/wp-json\/wp\/v2\/product_tag?post=4801"}],"curies":[{"name":"wp","href":"https:\/\/api.w.org\/{rel}","templated":true}]}}