{"id":4803,"date":"2023-12-30T09:08:38","date_gmt":"2023-12-30T12:08:38","guid":{"rendered":"https:\/\/cbpex.com.br\/academy\/?post_type=product&#038;p=4803"},"modified":"2024-01-04T11:05:37","modified_gmt":"2024-01-04T14:05:37","slug":"pos-psicologia-hospitalar-e-da-saude2","status":"publish","type":"product","link":"https:\/\/cbpex.com.br\/academy\/produto\/pos-psicologia-hospitalar-e-da-saude2\/","title":{"rendered":"P\u00f3s &#8211; Psicologia Hospitalar e da Sa\u00fade"},"content":{"rendered":"","protected":false},"excerpt":{"rendered":"<p>Gest\u00e3o do Stress e Estilos de Vida Saud\u00e1vel<br \/>\nFundamentos da Psicologia Hospitalar e da Sa\u00fade<br \/>\nMetodologia do Trabalho Cient\u00edfico I<br \/>\nO Cuidar Integral do Ser na Sa\u00fade<br \/>\nPsicologia do Desenvolvimento e Sa\u00fade<br \/>\nA\u00e7\u00e3o Pedag\u00f3gica e o L\u00fadico no Hospital<br \/>\nPsicologia Hospitalar e Tanatologia<br \/>\nContador de Hist\u00f3rias, Jogos e Recrea\u00e7\u00e3o: Qualidade de Vida no Hospital<br \/>\nProcessos Psicossom\u00e1ticos da Sa\u00fade e da Doen\u00e7a<br \/>\nPsicologia das rela\u00e7\u00f5es Humanas e a Interlocu\u00e7\u00e3o da Fam\u00edlia, Escola e Hospital<br \/>\n\u00c9tica do Cuidado e do V\u00ednculo<br \/>\nMetodologia do Trabalho Cient\u00edfico II<\/p>\n<p>Trabalho de Conclus\u00e3o de Curso &#8211; TCC<\/p>\n","protected":false},"featured_media":804,"template":"","meta":[],"product_cat":[57],"product_tag":[],"class_list":{"0":"post-4803","1":"product","2":"type-product","3":"status-publish","4":"has-post-thumbnail","6":"product_cat-pos_promo2","8":"first","9":"instock","10":"downloadable","11":"virtual","12":"sold-individually","13":"taxable","14":"purchasable","15":"product-type-simple"},"_links":{"self":[{"href":"https:\/\/cbpex.com.br\/academy\/wp-json\/wp\/v2\/product\/4803","targetHints":{"allow":["GET"]}}],"collection":[{"href":"https:\/\/cbpex.com.br\/academy\/wp-json\/wp\/v2\/product"}],"about":[{"href":"https:\/\/cbpex.com.br\/academy\/wp-json\/wp\/v2\/types\/product"}],"version-history":[{"count":1,"href":"https:\/\/cbpex.com.br\/academy\/wp-json\/wp\/v2\/product\/4803\/revisions"}],"predecessor-version":[{"id":4804,"href":"https:\/\/cbpex.com.br\/academy\/wp-json\/wp\/v2\/product\/4803\/revisions\/4804"}],"wp:featuredmedia":[{"embeddable":true,"href":"https:\/\/cbpex.com.br\/academy\/wp-json\/wp\/v2\/media\/804"}],"wp:attachment":[{"href":"https:\/\/cbpex.com.br\/academy\/wp-json\/wp\/v2\/media?parent=4803"}],"wp:term":[{"taxonomy":"product_cat","embeddable":true,"href":"https:\/\/cbpex.com.br\/academy\/wp-json\/wp\/v2\/product_cat?post=4803"},{"taxonomy":"product_tag","embeddable":true,"href":"https:\/\/cbpex.com.br\/academy\/wp-json\/wp\/v2\/product_tag?post=4803"}],"curies":[{"name":"wp","href":"https:\/\/api.w.org\/{rel}","templated":true}]}}