{"id":4813,"date":"2023-12-30T09:14:11","date_gmt":"2023-12-30T12:14:11","guid":{"rendered":"https:\/\/cbpex.com.br\/academy\/?post_type=product&#038;p=4813"},"modified":"2024-01-04T11:02:27","modified_gmt":"2024-01-04T14:02:27","slug":"pos-gestao-educacional-e-docencia-do-ensino-superior2","status":"publish","type":"product","link":"https:\/\/cbpex.com.br\/academy\/produto\/pos-gestao-educacional-e-docencia-do-ensino-superior2\/","title":{"rendered":"P\u00f3s &#8211; Gest\u00e3o Educacional e Doc\u00eancia do Ensino Superior"},"content":{"rendered":"","protected":false},"excerpt":{"rendered":"<h3>Psicologia das Rela\u00e7\u00f5es Humanas e o Processo de Gest\u00e3o<br \/>\nLegisla\u00e7\u00e3o da Gest\u00e3o P\u00fablica<br \/>\nPol\u00edticas Educacionais<br \/>\nGest\u00e3o Administrativa da Escola: Problemas e Perspectivas<br \/>\nGest\u00e3o Pedag\u00f3gica da Escola<br \/>\nMetodologia do Trabalho Cient\u00edfico I<br \/>\nFundamentos Filos\u00f3ficos da Educa\u00e7\u00e3o<br \/>\nFundamentos Psicol\u00f3gicos da Educa\u00e7\u00e3o<br \/>\nProjeto Pol\u00edtico Pedag\u00f3gico e Curr\u00edculo na Educa\u00e7\u00e3o<br \/>\nInform\u00e1tica e o Processo Organizacional na Educa\u00e7\u00e3o<br \/>\nFinanciamentos e Legisla\u00e7\u00e3o Educacional<br \/>\nAutonomia Municipal na \u00c1rea de Educa\u00e7\u00e3o<br \/>\nMetodologia do Ensino Superior<br \/>\nMetodologia do Trabalho Cient\u00edfico II<br \/>\nTrabalho de Conclus\u00e3o de Curso &#8211; TCC<\/h3>\n","protected":false},"featured_media":827,"template":"","meta":[],"product_cat":[57],"product_tag":[],"class_list":{"0":"post-4813","1":"product","2":"type-product","3":"status-publish","4":"has-post-thumbnail","6":"product_cat-pos_promo2","8":"first","9":"instock","10":"downloadable","11":"virtual","12":"sold-individually","13":"taxable","14":"purchasable","15":"product-type-simple"},"_links":{"self":[{"href":"https:\/\/cbpex.com.br\/academy\/wp-json\/wp\/v2\/product\/4813","targetHints":{"allow":["GET"]}}],"collection":[{"href":"https:\/\/cbpex.com.br\/academy\/wp-json\/wp\/v2\/product"}],"about":[{"href":"https:\/\/cbpex.com.br\/academy\/wp-json\/wp\/v2\/types\/product"}],"version-history":[{"count":1,"href":"https:\/\/cbpex.com.br\/academy\/wp-json\/wp\/v2\/product\/4813\/revisions"}],"predecessor-version":[{"id":4814,"href":"https:\/\/cbpex.com.br\/academy\/wp-json\/wp\/v2\/product\/4813\/revisions\/4814"}],"wp:featuredmedia":[{"embeddable":true,"href":"https:\/\/cbpex.com.br\/academy\/wp-json\/wp\/v2\/media\/827"}],"wp:attachment":[{"href":"https:\/\/cbpex.com.br\/academy\/wp-json\/wp\/v2\/media?parent=4813"}],"wp:term":[{"taxonomy":"product_cat","embeddable":true,"href":"https:\/\/cbpex.com.br\/academy\/wp-json\/wp\/v2\/product_cat?post=4813"},{"taxonomy":"product_tag","embeddable":true,"href":"https:\/\/cbpex.com.br\/academy\/wp-json\/wp\/v2\/product_tag?post=4813"}],"curies":[{"name":"wp","href":"https:\/\/api.w.org\/{rel}","templated":true}]}}