{"id":4821,"date":"2023-12-30T09:18:50","date_gmt":"2023-12-30T12:18:50","guid":{"rendered":"https:\/\/cbpex.com.br\/academy\/?post_type=product&#038;p=4821"},"modified":"2024-01-04T11:02:01","modified_gmt":"2024-01-04T14:02:01","slug":"pos-saude-publica2","status":"publish","type":"product","link":"https:\/\/cbpex.com.br\/academy\/produto\/pos-saude-publica2\/","title":{"rendered":"P\u00f3s &#8211; Sa\u00fade P\u00fablica"},"content":{"rendered":"","protected":false},"excerpt":{"rendered":"<h3>Estado, Sociedade e Pol\u00edticas de Sa\u00fade.<br \/>\n\u00c9tica e Bio\u00e9tica na Sa\u00fade<br \/>\nEpidemiologia.<br \/>\nVigil\u00e2ncia em Sa\u00fade<br \/>\nFarmacologia e Sa\u00fade P\u00fablica.<br \/>\nPsicologia das Rela\u00e7\u00f5es Humanas.<br \/>\nMetodologia do Trabalho Cient\u00edfico I.<br \/>\nAdministra\u00e7\u00e3o dos Servi\u00e7os e Recursos de Sa\u00fade.<br \/>\nPrograma de Sa\u00fade da Fam\u00edlia.<br \/>\nNutri\u00e7\u00e3o Humana e Sa\u00fade P\u00fablica<br \/>\nBioestatistica Aplicada a Sa\u00fade P\u00fablica<br \/>\nMetodologia do Trabalho Cient\u00edfico II.<br \/>\nTrabalho de Conclus\u00e3o de Curso &#8211; TCC<\/h3>\n","protected":false},"featured_media":788,"template":"","meta":[],"product_cat":[57],"product_tag":[],"class_list":{"0":"post-4821","1":"product","2":"type-product","3":"status-publish","4":"has-post-thumbnail","6":"product_cat-pos_promo2","8":"first","9":"instock","10":"downloadable","11":"virtual","12":"sold-individually","13":"taxable","14":"purchasable","15":"product-type-simple"},"_links":{"self":[{"href":"https:\/\/cbpex.com.br\/academy\/wp-json\/wp\/v2\/product\/4821","targetHints":{"allow":["GET"]}}],"collection":[{"href":"https:\/\/cbpex.com.br\/academy\/wp-json\/wp\/v2\/product"}],"about":[{"href":"https:\/\/cbpex.com.br\/academy\/wp-json\/wp\/v2\/types\/product"}],"version-history":[{"count":1,"href":"https:\/\/cbpex.com.br\/academy\/wp-json\/wp\/v2\/product\/4821\/revisions"}],"predecessor-version":[{"id":4822,"href":"https:\/\/cbpex.com.br\/academy\/wp-json\/wp\/v2\/product\/4821\/revisions\/4822"}],"wp:featuredmedia":[{"embeddable":true,"href":"https:\/\/cbpex.com.br\/academy\/wp-json\/wp\/v2\/media\/788"}],"wp:attachment":[{"href":"https:\/\/cbpex.com.br\/academy\/wp-json\/wp\/v2\/media?parent=4821"}],"wp:term":[{"taxonomy":"product_cat","embeddable":true,"href":"https:\/\/cbpex.com.br\/academy\/wp-json\/wp\/v2\/product_cat?post=4821"},{"taxonomy":"product_tag","embeddable":true,"href":"https:\/\/cbpex.com.br\/academy\/wp-json\/wp\/v2\/product_tag?post=4821"}],"curies":[{"name":"wp","href":"https:\/\/api.w.org\/{rel}","templated":true}]}}